{"id":958,"date":"2025-10-31T13:35:35","date_gmt":"2025-10-31T13:35:35","guid":{"rendered":"https:\/\/agas-suchthilfe.de\/faq\/"},"modified":"2025-11-01T18:51:26","modified_gmt":"2025-11-01T18:51:26","slug":"faq","status":"publish","type":"page","link":"https:\/\/agas-suchthilfe.de\/?page_id=958","title":{"rendered":"FAQ"},"content":{"rendered":"\n<div class=\"wp-block-group alignfull has-background-background-color has-background has-global-padding is-layout-constrained wp-container-core-group-is-layout-7276a2bb wp-block-group-is-layout-constrained\" id=\"h\u00e4ufig-gestellte-fragen\" style=\"margin-top:0;margin-bottom:0;padding-top:var(--wp--preset--spacing--60);padding-right:var(--wp--preset--spacing--30);padding-bottom:var(--wp--preset--spacing--60);padding-left:var(--wp--preset--spacing--30)\">\n<div class=\"wp-block-columns alignwide is-layout-flex wp-container-core-columns-is-layout-714d85e9 wp-block-columns-is-layout-flex\">\n<div class=\"wp-block-column is-layout-flow wp-block-column-is-layout-flow\" style=\"flex-basis:33.33%\">\n<h2 class=\"wp-block-heading\">Glaube und Gemeinschaft gegen Sucht<\/h2>\n\n\n\n<p style=\"margin-top:16px\">Hier finden Sie Antworten auf wichtige Fragen rund um unsere Angebote und Veranstaltungen zur Suchtpr\u00e4vention.<\/p>\n<\/div>\n\n\n\n<div class=\"wp-block-column is-layout-flow wp-container-core-column-is-layout-f5bb311e wp-block-column-is-layout-flow\" style=\"flex-basis:66.66%\">\n<div class=\"wp-block-group has-tertiary-background-color has-background is-layout-flow wp-block-group-is-layout-flow\" style=\"border-radius:1rem;padding-top:var(--wp--preset--spacing--30);padding-right:var(--wp--preset--spacing--30);padding-bottom:var(--wp--preset--spacing--30);padding-left:var(--wp--preset--spacing--30)\">\n<h3 class=\"wp-block-heading has-medium-font-size\">Wie kann ich mich zu einer Besinnungswoche anmelden?<\/h3>\n\n\n\n<p class=\"has-small-font-size\" style=\"margin-top:12px\">Sie k\u00f6nnen sich per Mail oder \u00fcber unser Online-Formular auf der Webseite anmelden.<\/p>\n<\/div>\n\n\n\n<div class=\"wp-block-group has-tertiary-background-color has-background is-layout-flow wp-block-group-is-layout-flow\" style=\"border-radius:1rem;padding-top:var(--wp--preset--spacing--30);padding-right:var(--wp--preset--spacing--30);padding-bottom:var(--wp--preset--spacing--30);padding-left:var(--wp--preset--spacing--30)\">\n<h4 class=\"wp-block-heading has-medium-font-size\">Wer kann an den Veranstaltungen der AGAS teilnehmen?<\/h4>\n\n\n\n<p class=\"has-small-font-size\" style=\"margin-top:12px\">Alle Interessierten sind herzlich eingeladen, unabh\u00e4ngig von Alter oder Hintergrund.<\/p>\n<\/div>\n\n\n\n<div class=\"wp-block-group has-tertiary-background-color has-background is-layout-flow wp-block-group-is-layout-flow\" style=\"border-radius:1rem;padding-top:var(--wp--preset--spacing--30);padding-right:var(--wp--preset--spacing--30);padding-bottom:var(--wp--preset--spacing--30);padding-left:var(--wp--preset--spacing--30)\">\n<h4 class=\"wp-block-heading has-medium-font-size\">Welche Themen werden bei den Besinnungswochen behandelt?<\/h4>\n\n\n\n<p class=\"has-small-font-size\" style=\"margin-top:12px\">Wir besch\u00e4ftigen uns mit Suchtpr\u00e4vention, Glaubensfragen und pers\u00f6nlicher St\u00e4rkung.<\/p>\n<\/div>\n\n\n\n<div class=\"wp-block-group has-tertiary-background-color has-background is-layout-flow wp-block-group-is-layout-flow\" style=\"border-radius:1rem;padding-top:var(--wp--preset--spacing--30);padding-right:var(--wp--preset--spacing--30);padding-bottom:var(--wp--preset--spacing--30);padding-left:var(--wp--preset--spacing--30)\">\n<h4 class=\"wp-block-heading has-medium-font-size\">Wo finden die Veranstaltungen statt?<\/h4>\n\n\n\n<p class=\"has-small-font-size\" style=\"margin-top:12px\">Unsere Gruppentreffen finden in Stralsund und die Besinnungswoche findet in m Ostseebad Sellin statt; Details finden Sie auf der Webseite.<\/p>\n<\/div>\n<\/div>\n<\/div>\n<\/div>\n\n\n\n<div class=\"wp-block-group alignfull has-tertiary-background-color has-background has-global-padding is-layout-constrained wp-container-core-group-is-layout-33e8f939 wp-block-group-is-layout-constrained\" style=\"margin-top:0;margin-bottom:0;padding-top:0;padding-right:var(--wp--preset--spacing--30);padding-bottom:0;padding-left:var(--wp--preset--spacing--30)\">\n<div class=\"wp-block-cover alignfull\" style=\"padding-top:var(--wp--preset--spacing--40);padding-bottom:var(--wp--preset--spacing--40);min-height:65vh;aspect-ratio:unset;\"><img loading=\"lazy\" decoding=\"async\" width=\"1440\" height=\"960\" class=\"wp-block-cover__image-background wp-image-977\" alt=\"\" src=\"https:\/\/agas-suchthilfe.de\/wp-content\/uploads\/2025\/10\/4ded00caa2f3692be384a0a32eddbd722771e0a8.jpg\" data-object-fit=\"cover\" srcset=\"https:\/\/agas-suchthilfe.de\/wp-content\/uploads\/2025\/10\/4ded00caa2f3692be384a0a32eddbd722771e0a8.jpg 1440w, https:\/\/agas-suchthilfe.de\/wp-content\/uploads\/2025\/10\/4ded00caa2f3692be384a0a32eddbd722771e0a8-300x200.jpg 300w, https:\/\/agas-suchthilfe.de\/wp-content\/uploads\/2025\/10\/4ded00caa2f3692be384a0a32eddbd722771e0a8-1024x683.jpg 1024w, https:\/\/agas-suchthilfe.de\/wp-content\/uploads\/2025\/10\/4ded00caa2f3692be384a0a32eddbd722771e0a8-768x512.jpg 768w\" sizes=\"auto, (max-width: 1440px) 100vw, 1440px\" \/><span aria-hidden=\"true\" class=\"wp-block-cover__background has-background-dim-70 has-background-dim\" style=\"background-color:#060606\"><\/span><div class=\"wp-block-cover__inner-container is-layout-flow wp-block-cover-is-layout-flow\">\n<div class=\"wp-block-group has-text-color has-link-color wp-elements-355609e83db1ca86a779782ea681cffd has-global-padding is-layout-constrained wp-block-group-is-layout-constrained\" style=\"color:#f1f1f1\">\n<h2 class=\"wp-block-heading has-text-align-center has-large-font-size\">Besinnungswoche zur Suchtpr\u00e4vention<\/h2>\n\n\n\n<p class=\"has-text-align-center\" style=\"margin-top:16px\">Nehmen Sie an einer besinnlichen Woche teil, die sich mit dem Schutz vor Suchtgefahren besch\u00e4ftigt. Erleben Sie Vortr\u00e4ge, Gespr\u00e4che und Gemeinschaft, die Mut machen und zum Nachdenken anregen. Ihre Anmeldung unterst\u00fctzt unsere Arbeit f\u00fcr ein suchtfreies Leben.<\/p>\n\n\n\n<div class=\"wp-block-buttons is-horizontal is-content-justification-center is-layout-flex wp-container-core-buttons-is-layout-6c960267 wp-block-buttons-is-layout-flex\">\n<div class=\"wp-block-button\"><a class=\"wp-block-button__link wp-element-button\" href=\"https:\/\/agas-suchthilfe.de\/buchung\/\">Mehr erfahren<\/a><\/div>\n<\/div>\n<\/div>\n<\/div><\/div>\n<\/div>\n","protected":false},"excerpt":{"rendered":"<p>Glaube und Gemeinschaft gegen Sucht Hier finden Sie Antworten auf wichtige Fragen rund um unsere Angebote und Veranstaltungen zur Suchtpr\u00e4vention. Wie kann ich mich zu einer Besinnungswoche anmelden? Sie k\u00f6nnen [&hellip;]<\/p>\n","protected":false},"author":1,"featured_media":0,"parent":0,"menu_order":0,"comment_status":"closed","ping_status":"closed","template":"page-with-title","meta":{"give_campaign_id":0,"_EventAllDay":false,"_EventTimezone":"","_EventStartDate":"","_EventEndDate":"","_EventStartDateUTC":"","_EventEndDateUTC":"","_EventShowMap":false,"_EventShowMapLink":false,"_EventURL":"","_EventCost":"","_EventCostDescription":"","_EventCurrencySymbol":"","_EventCurrencyCode":"","_EventCurrencyPosition":"","_EventDateTimeSeparator":"","_EventTimeRangeSeparator":"","_EventOrganizerID":[],"_EventVenueID":[],"_OrganizerEmail":"","_OrganizerPhone":"","_OrganizerWebsite":"","_VenueAddress":"","_VenueCity":"","_VenueCountry":"","_VenueProvince":"","_VenueState":"","_VenueZip":"","_VenuePhone":"","_VenueURL":"","_VenueStateProvince":"","_VenueLat":"","_VenueLng":"","_VenueShowMap":false,"_VenueShowMapLink":false,"footnotes":""},"class_list":["post-958","page","type-page","status-publish","hentry"],"campaignId":"","_links":{"self":[{"href":"https:\/\/agas-suchthilfe.de\/index.php?rest_route=\/wp\/v2\/pages\/958","targetHints":{"allow":["GET"]}}],"collection":[{"href":"https:\/\/agas-suchthilfe.de\/index.php?rest_route=\/wp\/v2\/pages"}],"about":[{"href":"https:\/\/agas-suchthilfe.de\/index.php?rest_route=\/wp\/v2\/types\/page"}],"author":[{"embeddable":true,"href":"https:\/\/agas-suchthilfe.de\/index.php?rest_route=\/wp\/v2\/users\/1"}],"replies":[{"embeddable":true,"href":"https:\/\/agas-suchthilfe.de\/index.php?rest_route=%2Fwp%2Fv2%2Fcomments&post=958"}],"version-history":[{"count":18,"href":"https:\/\/agas-suchthilfe.de\/index.php?rest_route=\/wp\/v2\/pages\/958\/revisions"}],"predecessor-version":[{"id":1353,"href":"https:\/\/agas-suchthilfe.de\/index.php?rest_route=\/wp\/v2\/pages\/958\/revisions\/1353"}],"wp:attachment":[{"href":"https:\/\/agas-suchthilfe.de\/index.php?rest_route=%2Fwp%2Fv2%2Fmedia&parent=958"}],"curies":[{"name":"wp","href":"https:\/\/api.w.org\/{rel}","templated":true}]}}